1/1 a prime number?
True
Let s(t) = 79*t - 6. Is s(5) a prime number?
True
Let q(o) = o**3 + 9*o**2 + 2. Let z be q(-9). Suppose -z*k = 115 - 689. Is k composite?
True
Suppose 4*d + 12 + 0 = 0. Let z(f) = -2*f + 4*f + 2 + 12 - 10 + 9*f**2. Is z(d) composite?
False
Suppose -4*x = -82 + 210. Let t be ((-9)/6)/((-6)/x). Is (-44)/(-10) + t/20 a prime number?
False
Let u = -12 + 4. Let c = 29 - u. Is c a composite number?
False
Suppose -24 = -2*z - 6. Let x(n) = -n**2 - 12*n + 10. Let a(o) = -4*o**2 - 36*o + 31. Let c(q) = 2*a(q) - 7*x(q). Is c(z) a composite number?
False
Is ((-13128)/(-27) - -1) + 2/(-9) prime?
True
Suppose 4*m + 10*h - 5*h + 41 = 0, -3*m = h + 17. Let d = m + 4. Suppose -4*z + 311 - 75 = d. Is z composite?
False
Suppose 0 = -u + 5*f + 63, -f + 159 = 5*u - 52. Is u a prime number?
True
Is (4/(9 + -1))/(1/1402) a composite number?
False
Suppose -2*y + 24 = -6. Suppose -5*r + 9 = -3*j + j, -5*j + 5*r - y = 0. Is ((-2)/j)/(3/99) a composite number?
True
Suppose 2*n + 142 = -3*v, 2 = -0*v - v. Let x be (-8776)/(-56) + 2/7. Let s = n + x. Is s a composite number?
False
Suppose l = 3*h - 13 - 7, -4*h = -5*l - 45. Suppose -h*x + 552 = -1123. Is x a composite number?
True
Suppose -3*t = -t - 4. Let k(b) = -b - 7 + 5 + b + 4*b. Is k(t) composite?
True
Suppose 6620 = 49*f - 45*f. Is f a composite number?
True
Let v = 66 + -21. Let m = v - -246. Is m a composite number?
True
Let w(h) = 18*h + 1. Is w(2) composite?
False
Suppose 3*l - 37 = -u, -l - 10 = u - 43. Is u prime?
True
Let f be 6 + (-9)/3 + 3. Is (-530)/(-6) + 4/f composite?
False
Suppose 2*t + o - 9 = 0, 0*o = t + 5*o - 9. Suppose -2*p + 12 = -z, 0*p - 3*z = 4*p - 14. Suppose -t*w + 4*v = 8*v - 132, 2*v - 177 = -p*w. Is w a prime number?
True
Suppose -853 = 3*q - 139. Is (q - -2)*(-3)/12 a prime number?
True
Suppose -m = -2*m - 7. Let c = m + 7. Let z(n) = n + 77. Is z(c) prime?
False
Suppose 4*w = -539 + 4071. Is w composite?
False
Let n = 4 + -4. Suppose o + 4*l = -0*l - 2, -o - l + 10 = n. Is o composite?
True
Let y = -21 + 22. Is 53*y - (-22)/(-11) a prime number?
False
Let n = -948 + 1651. Is n prime?
False
Suppose 5756 = 4*p - 0*p. Is p prime?
True
Let d be (-9)/(-12) + (-308)/(-16). Is (-9411)/(-12) + 15/d a prime number?
False
Suppose 2*i - 1626 = n, -4*i - 2*n = -6*i + 1626. Is i a prime number?
False
Suppose -x + 1 + 2 = 0. Let h(k) = 3*k**2 - 1. Let l be h(-1). Is ((-6)/x)/(l/(-25)) prime?
False
Let u = 3 - -1. Let d(t) = 14*t + 4. Let k be d(u). Suppose 2*n + 57 = 4*g + n, 3*g + 5*n = k. Is g prime?
False
Is 105 + (-4 - (-4 - -2)) prime?
True
Let c = 49 + -46. Let d(q) = -q**3 - q**2 + 161. Let z be d(0). Suppose c*a + 14 = z. Is a a prime number?
False
Suppose 4*h + 579 - 4895 = 0. Is h prime?
False
Let t(q) be the second derivative of -q**5/60 - 5*q**4/12 - q**3/2 - q**2/2 - 2*q. Let z(y) be the first derivative of t(y). Is z(-6) prime?
False
Let h be 2/6 - 6/(-9). Let j be h*(-162)/(-2) + -2. Suppose -j = -4*m + 109. Is m prime?
True
Suppose -5*o - 2*h + 2 = -14, 5*h = 3*o + 9. Is ((-54)/(-24))/(o/8) a composite number?
True
Suppose -96 = -4*u - 2*f - 34, -u + 2*f = -23. Suppose 6*l - 33 = 4*l - 3*q, 2*q = -l + u. Is l a prime number?
False
Suppose -2*c - 2*p = 3*c - 561, 0 = -4*c + p + 454. Is c a composite number?
False
Suppose b = 2*u - 3, b + 5*u = 2 + 2. Suppose -7*l = -2*l. Is 37 + l + (-1 - b) composite?
False
Suppose -3*t + 5*k + 39 = 2*k, 2*t = -3*k + 51. Let w be (-10 + 9)*(1 + 690). Is w/(-9) + 4/t prime?
False
Is (-598)/(-4) + (-4)/8 composite?
False
Suppose -5*y = -l + 17, 0*l + l + y + 7 = 0. Is -4 + l/(-3) + 134 a composite number?
False
Suppose 3*j = 4*j - 5. Suppose q = j*q - 356. Is q a composite number?
False
Let a = 1 - 1. Suppose 2*c = 4*z - 7*z - 283, -354 = 4*z - 2*c. Is 1 - ((3 - a) + z) a composite number?
False
Let g(r) be the first derivative of -53/4*r**4 - 3 + r + 0*r**3 + 1/2*r**2. Is g(-1) a prime number?
True
Let u be 2/(-4)*0 - 0. Let n = 3 + u. Suppose 3*m - 15 = -3*j, 2*m + j = -n*j + 6. Is m a composite number?
False
Suppose 304 = 2*c + 3*s, 0 = -0*s - s - 2. Let b = -102 + c. Is b composite?
False
Let c = -215 + 381. Is c prime?
False
Suppose -4*f + 278 = -3*x - 703, 3*f = -5*x + 772. Is f composite?
True
Let t be 40/(-7) - 2/7. Let u(g) = -g**2 + 6*g + 3. Let m be u(6). Is m/2*(-56)/t prime?
False
Suppose -5*j + 8 = 3. Let t be (-848)/(-12) - j/(-3). Let a = t - 40. Is a prime?
True
Suppose z + 3*g = -g + 1, -4*g = -4*z + 64. Let u = 55 + z. Is 0/(-1) + 9 + u a composite number?
True
Suppose 0 = -h - 2*h + 1257. Is h prime?
True
Suppose 0 = -5*j - 2*l + l + 21, -5*l + 9 = j. Let p = j - 10. Is (-890)/(-15) - (-2)/p prime?
True
Let h = -2654 - -4455. Is h a prime number?
True
Suppose -3*t + 2414 = -t. Is t prime?
False
Let n = 1242 - 801. Suppose 449 = 5*x - 4*a - 0*a, -n = -5*x - 4*a. Is x a prime number?
True
Let c be (-1)/2*-66*2. Let f = -47 + c. Is f a composite number?
False
Let q(z) = 2*z**2 + 2*z - 1. Is q(5) a composite number?
False
Let c = -1659 - -3422. Is c a prime number?
False
Let n(f) = 40*f**2 + 2*f + 5. Is n(3) a prime number?
False
Let a(u) = 444*u**3 - 2*u + 1. Let d be a(1). Let o = -21 + d. Suppose -4*p + 5*z + o = 0, 3*z - z = 4*p - 416. Is p a composite number?
False
Suppose -3*k + 1 - 25 = -4*t, -t = -5*k - 6. Suppose -1148 = -t*s + 2*s. Is s a prime number?
False
Let z(x) = -x**2 + 0*x**2 + 0*x + 3*x**2 - 3*x. Is z(-5) composite?
True
Let p = 72 - 32. Suppose 4*m + m = -p. Is (-2)/m - (-556)/16 a prime number?
False
Suppose 0 = 3*l + z - 2970, 1409 + 557 = 2*l - 4*z. Is l composite?
True
Is (2*59)/(-6 + 6 + 2) a composite number?
False
Let r(x) = -x**2 - 3*x**2 - 7*x - 4 + 8*x**2. Is r(-5) a prime number?
True
Suppose 0 = 5*s - s + 16. Let q = s - -35. Is q composite?
False
Suppose 0 = -2*u + 273 - 49. Suppose u = 2*b - 52. Is b prime?
False
Suppose 0 = 3*p - 6*p - 228. Is ((-7)/(-2))/((-2)/p) prime?
False
Let h be (6/(-2))/3*4. Let j = 26 + h. Is j a prime number?
False
Let j(a) = 355*a**2 - 1. Let u be j(1). Suppose 4*l - u = 154. Is l composite?
False
Let t(o) = o + 12. Let k be t(-9). Suppose 1 - 7 = -k*l, 5*n = 3*l + 629. Is n a composite number?
False
Let l = -80 + 711. Is l a composite number?
False
Let n = -1 - -2. Suppose n = g - 4. Suppose 2*p = -2*f - 3*f + 27, g*f + p - 31 = 0. Is f prime?
True
Is -13*17*(-14 - -13) a composite number?
True
Let y(c) = -12*c**3 - 2*c**2 + 1. Let u(t) = 0*t + 1 + 2 + 3*t - 4*t. Let k be u(5). Is y(k) prime?
True
Suppose -16 = -6*s + 2*s, -86 = -2*f + 2*s. Suppose -3*a - f = -4*a. Is a a prime number?
True
Suppose m = -m. Is 10620/18 - (m - -1) prime?
False
Let l = -8 + 12. Is (-1)/((l/19)/(-4)) composite?
False
Let t(i) = -i**3 + 4*i**2 + i + 4. Suppose -5*w = -5 - 15. Let p be t(w). Is (-1713)/(-12) + 2/p prime?
False
Suppose -2*i + 10 = 3*i. Let d = i - -147. Is d prime?
True
Suppose 3*g - 142 = g. Is g composite?
False
Suppose 2*y = -d + 10918, -d + 0*d - 21848 = -4*y. Is y prime?
False
Is (-7004)/(-44) + (-4)/22 composite?
True
Let j = 129 - 51. Suppose 129 + 315 = 4*p. Let s = p - j. Is s a prime number?
False
Suppose w = -0*w + 35. Suppose 3*c - 31 = w. Is c a prime number?
False
Suppose 5*z - 1339 = -3*r, -r = -8*z + 3*z + 1347. Is z a prime number?
True
Let y(i) be the third derivative of i**5/12 - i**4/12 - i**3/6 - 2*i**2. Let m be y(-2). Let b = m - -30. Is b a composite number?
False
Let q be 4/12 + 64/6. Let o = -8 + q. Is 1 + 0 - -26*o composite?
False
Let q(x) be the first derivative of x**4/4 - x**3 + 5*x**2/2 + x + 4. Is q(4) a prime number?
True
Suppose -4*z + 14 = 2*s - 4*s, -3*s = -3*z + 3. Let n(i) = -3*i - 7 - 3*i**3 - 5 - 5*i**2 + 4*i**3 + 9. Is n(z) prime?
False
Is (0 - (5 - 4))*-1567 composite?
False
Let m(a) = 138*a - 4. Let z(n) = -139*n + 4. Let g(k) = 2*m(k) + 3*z(k). Is g(-5) composite?
False
Suppose y = 5*y + 2*z - 376, 5*z - 275 = -3*y. Is y a composite number?
True
Is (-1 - -2)*(5339 - -8) a composite number?
False
Let t = 5 - -2. Suppose -1 + t = c. Suppose -c*p + 4 = -4*p. Is p a prime number?
True
Suppose -4*c + 1114 = -3*c. Suppose 0 = 2*p - 0*p - c. Is p a prime number?
True
Suppose 0 = 3*u + 2*u - 15. Suppose -u*d = -4*d + 2*z + 455, 5*d + 2*z = 2251. Is d prime?
False
Suppose 3*y - 17 = -3*h + 7, 3*y = 2*h + 9. Suppos